*j. What are the prime factors of j?
2, 7, 83
Let c be 5/(25/(-34)) - (-1)/(-5). Let p = c + 48. What are the prime factors of p?
41
Let u be (-2 + 56)*(-2)/3. Suppose -28 = 3*w + 32. Let m = w - u. What are the prime factors of m?
2
Let z(q) = -q + 1. Let n be z(-1). Suppose 5*m + 710 = 5*f, f + n*m + 40 = 191. What are the prime factors of f?
5, 29
Let c = 1572 + -348. What are the prime factors of c?
2, 3, 17
Suppose 2*l - 4 = l, f - l - 1 = 0. Let t = f + -1. Suppose -3*r - 5*n = -125, 2*r - t*n + 121 = 5*r. List the prime factors of r.
5, 7
Let s = 8 - 4. Suppose -2*c + 7 = -7*c + s*q, 5*c = 3*q - 4. Suppose l - c = 11. List the prime factors of l.
2, 3
Suppose 4*q - 3343 = 3*l - 11081, 0 = -l + q + 2580. List the prime factors of l.
2, 1291
Suppose 30 - 85 = -5*a. Suppose 20*l = 21*l - a. List the prime factors of l.
11
Let d = 289 + -45. List the prime factors of d.
2, 61
Let s(w) = 266*w**3 - 3*w**2 + 3*w + 1. List the prime factors of s(1).
3, 89
Let x(b) = -3*b + 10. Let f be x(-4). Suppose f*r - 20*r = 32. List the prime factors of r.
2
Suppose 5*n + 5*i - i - 1903 = 0, 4*i + 778 = 2*n. What are the prime factors of n?
383
Let r(u) = u**2 - u - 9. Let d be r(4). Suppose -21 + 123 = d*l. What are the prime factors of l?
2, 17
Let l(b) = 27*b**2 + 16*b - 69. What are the prime factors of l(6)?
3, 37
Suppose 2 = -2*x + x. Let r be -4 + -4*(x + 0). Suppose -4*i = i + 5*z - 10, 2*z = -r*i + 18. What are the prime factors of i?
7
Let k(s) = -35*s - 15. Let t(w) = 36*w + 16. Let r(y) = 7*k(y) + 6*t(y). What are the prime factors of r(-3)?
2, 3, 13
Let d = 45 + -66. List the prime factors of (-192)/(-4)*(-7)/d.
2
Let u(w) = -21*w - 55. List the prime factors of u(-24).
449
Suppose -3*c = -4 - 11. Suppose -v - c*y + 6 = -6, 0 = -5*v + 2*y + 33. Suppose -v = -5*u + 83. What are the prime factors of u?
2, 3
Suppose -p = 5*d - 51, 0 = 2*d - 0*d - 5*p - 15. Suppose d*h = 7*h + 48. List the prime factors of h.
2
Let y(j) = -j**3 - 47*j**2 + 31*j - 66. What are the prime factors of y(-48)?
2, 3, 5
Suppose 3*q - 5*w - 432 = 0, -3*w + 605 = -6*q + 10*q. What are the prime factors of q?
149
Let c(r) = 27*r**2 - 2*r + 12. What are the prime factors of c(5)?
677
Let x = 2006 + 1180. List the prime factors of x.
2, 3, 59
Let p(z) be the second derivative of 5*z + 2/3*z**3 + 0 - 11/2*z**2. List the prime factors of p(8).
3, 7
Let f = -10 + 4. List the prime factors of ((-128)/f)/(6/18).
2
Let i = -46 + 54. What are the prime factors of -2 - i/12*-75?
2, 3
Let c be ((-95)/(-30) - 2/3)*-2. What are the prime factors of (146 - (-1 - c)) + 3?
5, 29
Let z = -8 + 10. Suppose -2 = -4*l + 2*n, z*n + n = -3*l + 15. Suppose -w - l*d + 46 - 9 = 0, -3*d + 74 = 2*w. List the prime factors of w.
37
Let q(n) = 107*n + 52. List the prime factors of q(5).
587
What are the prime factors of -3 + 2 + -3*(-4975)/15?
2, 7, 71
Suppose h = 5*w + 83, 3*h - 3*w = 7*h - 263. List the prime factors of h.
2, 17
Let i be 3 - (-51 + 2/1). Let c = 82 - i. Suppose 0 = 6*o - o - c. List the prime factors of o.
2, 3
Let d be 89/3 + 2/(-3). Suppose 32*a = d*a + 354. What are the prime factors of a?
2, 59
Suppose -32*g + 31*g + 325 = 0. Suppose -p - 3*p = 2*f - 158, -4*p - g = -5*f. What are the prime factors of f?
3, 23
Let p = -229 - -321. Let y = -42 + p. List the prime factors of y.
2, 5
Let f = 5172 - 1953. What are the prime factors of f?
3, 29, 37
Suppose i + 2*i = -5*k - 1235, 3*k - 4*i = -770. Let m = 363 + k. List the prime factors of m.
113
Suppose 184 + 46 = 2*j. Suppose 2*l = z - 202, 3*z - 3*l = -j + 727. What are the prime factors of z?
2, 103
Let m = 141 + -89. What are the prime factors of m?
2, 13
Let b(g) = -11*g**2 + 12*g + 2. Let u be b(5). Let j = -122 - u. What are the prime factors of j?
7, 13
Suppose g - 2*d = 3*d - 58, d + 127 = -4*g. Let i = 24 + g. Let u(q) = -4*q + 1. What are the prime factors of u(i)?
37
Let y(n) = 247*n - 149. What are the prime factors of y(5)?
2, 3, 181
Suppose 3903 = 16*f - 45745. List the prime factors of f.
29, 107
Let n(u) = 4 + 10*u - 5 + u**2 - 14 + 2. Suppose 2*w + 3*w + 60 = 0. List the prime factors of n(w).
11
Suppose 0 = -7*n + n - 48. Let a = n + 43. What are the prime factors of a?
5, 7
Let j(g) = 2*g**2 + 12*g + 6. What are the prime factors of j(7)?
2, 47
Let d = 57 + -40. Let h be 2/3 - d/3. List the prime factors of (-1 - -5)*h/(-5).
2
Suppose -2*m = -8*m - 24. Let u = m - -10. Suppose -3*w = -u*w + 102. List the prime factors of w.
2, 17
Suppose 0 = -3*x + x - 5*a + 109, -3*a = -2*x + 101. Suppose s - x = 5*g - 3*g, 2*s = -3*g + 69. List the prime factors of s/7*(6 - -2).
2, 3
Let j = -56 + 32. Let p = j + 74. List the prime factors of p.
2, 5
Let y be (-2 - (-11)/4)*-8. Let u be 3 - (-5)/((-15)/y). Suppose u*p - 70 = -20. What are the prime factors of p?
2, 5
Let z(a) = -a**2 - 5*a + 1. Let r be z(-5). Suppose -4*q = r + 15, v - 13 = 3*q. Let x = 22 - v. What are the prime factors of x?
3, 7
Suppose -5*k - 39 = 2*j, -j + 2*k - 11 = 2*j. What are the prime factors of (-16)/56 + (-226)/j?
2
Let p be 384/60 + 2*3/(-15). Let h(c) be the second derivative of c**4/12 - c**3/6 + 3*c**2 - c. List the prime factors of h(p).
2, 3
Suppose -y = 2*k - 5274, -5*k + 0*y + 13182 = 4*y. List the prime factors of k.
2, 1319
Let c = 1178 + 47. List the prime factors of c.
5, 7
Let w(s) = -s**3 + 18*s**2 - 14*s + 13. Suppose 4*y + 20 - 88 = 0. List the prime factors of w(y).
2
Let j = 1160 + -442. List the prime factors of j.
2, 359
What are the prime factors of ((-19670)/15)/7*-3?
2, 281
Let j = -30 + 32. Suppose 0 = -j*f - 5*a - 375, -a - 552 = 3*f + 3*a. What are the prime factors of (f/25)/((-3)/30)?
2, 3
Suppose 0 = -5*u + b + 4787, -6*b = -4*b - 6. List the prime factors of u.
2, 479
Let o(j) = 181*j**2 - j + 2. Let d be o(1). Suppose 3*t + 1 = 2*t, d = 3*y + 4*t. List the prime factors of y.
2, 31
Suppose -2*z - 3*a + 1 = 0, 2*z + 5*a - 3 = -2*z. Suppose 0 = 5*q - z*q - 6. Suppose -2*f = 2*f + 16, -24 = -q*v + 4*f. List the prime factors of v.
2
Let q = 65 + -62. Suppose q*c = 15, -3*w = w + 2*c - 194. List the prime factors of w.
2, 23
Let f be 1/4 - (-1755)/4. Suppose 5*x - f = r - 3*r, -5*r - 15 = 0. List the prime factors of x.
89
Suppose 13*f - 7060 = -1119. What are the prime factors of f?
457
Suppose 0 = -26*h + 23*h + 2178. What are the prime factors of h?
2, 3, 11
Let p be (-57)/(-38)*(-2)/(-3). Suppose f - p = 0, -6*v + 5*v - f + 141 = 0. What are the prime factors of v?
2, 5, 7
Let m = -40 + 49. Let f(z) = z**3 - 7*z**2 - 14*z + 3. List the prime factors of f(m).
3, 13
Let d = -2881 + 4267. What are the prime factors of d?
2, 3, 7, 11
Let v(m) = -2*m**3 - 10*m**2 + 16*m + 21. List the prime factors of v(-10).
3, 7, 41
Let d be (1 - 59) + -4 - -2. Let u = d - -72. What are the prime factors of u?
2, 3
Let x = -335 + 339. Suppose -4*s - 6 = -2*u - 2*s, -5*u + 18 = -2*s. Suppose 2*a + u*k = 3*a - 5, -k = -x*a + 65. List the prime factors of a.
17
Suppose -10 = -3*y - 4*m, -2*m - m - 7 = -5*y. Suppose -4*u + 2*v + y = -4, 5*u + v = 18. What are the prime factors of u?
3
Suppose 440*y - 439*y = 426. List the prime factors of y.
2, 3, 71
Let q = 2169 - 693. List the prime factors of q.
2, 3, 41
Suppose 258 = 2*r + 5*p, -5*r + 152 = -3*p - 493. Suppose 4*c = r + 23. What are the prime factors of c?
2, 19
What are the prime factors of (((-57)/(-114))/(2/(-16612)))/(-1)?
4153
Let q(t) = 3*t**2 + 38*t - 32. Let b(s) = -s**2 - 13*s + 11. Let c(k) = -11*b(k) - 4*q(k). Let v be c(-10). List the prime factors of (3*-1)/(v/5).
5
Suppose 16*g = 11*g + 20, -5*k = g - 299. What are the prime factors of k?
59
Let b(i) = 34*i + 17. Let p be b(5). Let c = p - 21. What are the prime factors of c?
2, 83
Let p(k) = 18*k**3 + k**2 - 3*k - 3. Let o be p(-2). Let a = o + 214. What are the prime factors of a?
7, 11
Suppose -s - 2*s = -3408. What are the prime factors of s?
2, 71
Let a be -27 + 2 + (-1)/(-1). List the prime factors of a*(1 - (-9)/(-3)).
2, 3
Let j be (189/2)/((-21)/56). Suppose 4*v + w - 24 = 0, -5*v - 2*w = -10*v + 43. List the prime factors of ((-1)/2)/(v/j).
2, 3
Suppose 3*m - 6*m = b - 15, 0 = -4*b + 3*m + 15. Suppose 2*a + 56 = b*a. List the prime factors of a.
2, 7
Let n(g) = g**3 + 7*g**2 - 11*g - 6. Let i be n(-7). Suppose